. Let i be 13/g + 4/(-6). Let d be (((-6)/3)/6)/(i/105). Let o(m) = m**3 - 6*m**2 - 8*m + 2. What is o(d)?
-5
Let r(f) = -f**3 + 10*f**2 - 10*f - 11. Let z(t) = -t - 2. Let a(i) = -r(i) + 2*z(i). Calculate a(9).
-2
Let o(v) = -v + 2. Suppose -4*q + 5*y + 14 = 2*y, -3*y = 6. Let z(s) = s + 3. Let p(j) = q*z(j) + o(j). Let l be (3 - 6)*1 + -2. Give p(l).
3
Let d(g) = -g**3 + 25*g**2 + 151*g - 43. Let s be d(30). Let o(x) = 14*x**2 + 15 + x**3 + 9*x + 2*x + 3*x. Determine o(s).
2
Let o(w) be the first derivative of w**3/3 - w**2/2 - 10*w + 14. Let c be o(-3). Suppose 9*l - 11 = -c*l. Let b(g) = -2*g - 1. Calculate b(l).
-3
Let n(l) = -113*l**2 + 3*l + 27*l**2 + 24*l**2 - 11 + 60*l**2. Give n(3).
-20
Let g(b) = -b - 8. Let d(v) = 5*v + 22. Let x(j) = d(j) + 4*g(j). Give x(-10).
-20
Let p(v) = v. Let k(n) = 2*n. Let x(w) = 4*k(w) - 9*p(w). Suppose 11*g - 4 - 7 = 0. Give x(g).
-1
Let m = -53877 - -53883. Let y(l) = -l**3 - 6*l**2 - l - 2. Let r be y(-6). Let i(k) = 4 - k + 0 + r. What is i(m)?
2
Let i(s) be the second derivative of -s**4/8 - 14*s**3/3 - 115*s**2 - 249*s. Let g(w) be the first derivative of i(w). Calculate g(-7).
-7
Let v = -5 - -3. Let o = 213 - 177. Let q(l) = o*l + l**3 - 2 + 2*l**2 + 3 - l**2 - 34*l. Give q(v).
-7
Suppose 93*i + 1511 = 2069. Let z(j) = 9*j - 56. What is z(i)?
-2
Let b(k) = k**3 - k**2 - 2*k - 1. Let l(h) = 268 - 66 - 23*h + 3*h. Let n be l(10). Give b(n).
-1
Let n(g) be the third derivative of -19*g**7/1260 + g**6/360 - g**5/120 + 9*g**4/8 - 19*g**2 - 5. Let l(d) be the second derivative of n(d). What is l(1)?
-37
Let m(d) = d**2 - 12270*d + 6133*d + 6138*d + 1. Calculate m(1).
3
Suppose 290*g + 192 = 306*g. Let f(u) = -u**3 + 13*u**2 - 14*u + 2. Calculate f(g).
-22
Suppose 3*m + 2*a + 8 = -21, 2*a + 40 = -4*m. Let x = m - -19. Let f(b) be the third derivative of -b**4/12 - 11*b**3/6 - 2*b**2 - 101002. Determine f(x).
-27
Let a(w) = -5*w**3 + 4*w**2 + 5*w - 4. Let k(c) = -4*c**3 + 3*c**2 + 4*c - 3. Suppose -136 = -11*s - 169. Let g(l) = s*a(l) + 4*k(l). Give g(0).
0
Let v(c) = -2*c**2 - 5*c**2 + 2*c**2 - 4 - c - c**3 + c**2. Suppose -35 = 3*r - 4*l, 4*l - 49 + 4 = 5*r. Determine v(r).
26
Let q = -20 - -22. Suppose 0 = q*b - 9 + 15. Let d(l) = -4*l**2 + 9*l + 2. Let h(n) = -3*n**2 + 8*n + 1. Let z(p) = b*h(p) + 2*d(p). Determine z(6).
1
Let k = 600 + -315. Let g = k + -287. Let f(r) = 3*r + 1. Give f(g).
-5
Let s(y) = 7*y**3 - 22*y**2 + 2*y - 107. Let u(d) = 3*d**3 - 10*d**2 + d - 54. Let v(g) = 2*s(g) - 5*u(g). Calculate v(7).
0
Let c(k) = -k**3 + 3 + 37 - 4 + 6 - 14*k**2 + 4 + 4*k. Give c(-14).
-10
Let n(x) = -4*x**2 - 204*x + 197. Let w be n(-52). Let f(v) = v**2 + 11*v + 13. Calculate f(w).
13
Suppose -30 = 5*k + k. Let v(b) = -b**3 - 4*b**2 + 10*b + 27. Let a be v(k). Suppose a*o - 2*q - 2 = 0, -5 = 5*o - o - q. Let r(n) = 3*n + 5. What is r(o)?
-1
Let y(z) = 7*z**2 + 3 - 3 - z**3 - 13*z**2 - 31 - 8*z. Determine y(-6).
17
Let j(k) = 2*k - 99. Suppose 11 = a + 2*t - 39, 5*a - 4*t = 278. What is j(a)?
9
Let u(m) = 0*m**2 + 1 + 2510*m - 10*m**2 - 1255*m - 1252*m. What is u(2)?
-33
Let t(x) = x**2 - 7*x - 19. Suppose 60*z = 74*z - 70. Suppose -s - 42 = -z*v, 0 = 3*v + 5*s - 25 - 17. Calculate t(v).
-1
Suppose 0 = 76*u + 115*u + 263 - 1218. Let w(v) be the third derivative of -v**5/60 + 5*v**4/24 - v**3 + v**2. Calculate w(u).
-6
Let x(y) = -78*y + y**2 - 4 + 39*y + 12 + 32*y + 8*y. Calculate x(0).
8
Let b(w) be the second derivative of -w**3/2 + 21*w**2/2 - 6*w - 50. Calculate b(-14).
63
Let k = -12 - -69. Let a = 59 - k. Let y(m) = 1 - a*m + 3 + 4*m + 7. What is y(-10)?
-9
Let y(d) = -d**3 - 4*d**2 + 10*d - 17. Suppose -7*s - 74 = -5*g + 9*g, s - 3*g = 18. What is y(s)?
-5
Let l(q) = 4*q**2 - 39*q + 24. Let b be l(9). Let z(p) = 2*p**3 + 9*p**2 + 7*p. What is z(b)?
6
Suppose 3608*r - 3590*r - 72 = 0. Let s(p) = -p**3 + 3*p**2 - 14*p + 74. What is s(r)?
2
Let q(n) = n + 13. Let b(y) be the second derivative of -y**3/6 - 15*y**2/2 - 70*y. Let u(x) = -2*b(x) - 3*q(x). Let z(c) = c - 3. Let h be z(-5). What is u(h)?
-1
Let d(a) = -a**3 + 2*a**2 - 7*a + 2. Let r(i) = i**2 + i - 1. Let n(s) = d(s) + 3*r(s). Let h be (-40)/(-14) + 2/14. Suppose 0 = h*l - 7 - 5. What is n(l)?
-1
Suppose 245 - 37 = 63*k - 170. Let j(d) = d**2 - 13*d + 49. Determine j(k).
7
Let w(o) = 14*o - 52. Let c be 3/5*(8 + (-21)/7). Give w(c).
-10
Let r(x) = x**3 + 16*x**2 - 22*x - 8. Let c(w) = -7*w**3 - 114*w**2 + 157*w + 56. Let d(a) = 2*c(a) + 15*r(a). Determine d(-13).
31
Let i(j) = -12*j - 121. Let u be i(-28). Suppose 220*k = u*k - 40. Let y(p) = p**2 + 9*p + 10. Give y(k).
2
Let s(r) = -2*r + 6. Let f be s(4). Let w(d) = 13*d**3 - 21*d**2 - 13*d - 23. Let j(v) = 4*v**3 - 6*v**2 - 4*v - 7. Let x(k) = 7*j(k) - 2*w(k). Determine x(f).
-15
Let c be (-3)/15 + 56/5. Let z be ((-22)/(-33))/((-2)/24). Let n = z + c. Let i(h) = -h**2 + 6*h - 1. What is i(n)?
8
Suppose -4*o - 74 + 62 = 0. Let m(x) be the second derivative of 0 - 3/2*x**2 - 5/12*x**4 - 1/20*x**5 - 1/2*x**3 - 7*x. Determine m(o).
-12
Let b(g) = -g - 2. Suppose -8*k = -3*k - 190. Suppose 5*c - 62 = x, -17*x + c = -12*x + 214. Let l = k + x. Determine b(l).
2
Let l(d) = d**2 + 30*d + 202. Let v be l(-10). Let o = -5 - -10. Let j(f) = v - 11 + o - f + 0. Calculate j(-5).
1
Suppose 4*k = 3*s + 124, k + 2*s = 44 - 13. Suppose -7*t - 52 = -k. Let i(b) be the second derivative of b**4/12 - 2*b**2 + 2*b. Give i(t).
5
Let g(h) = h - 3. Let v be 2/(((-50)/18)/1 + 3). Let r be ((-36)/(-8))/v + 15/(-2). Give g(r).
-10
Let y = -56 - -80. Let d = y - 18. Let h be -8 - -1 - (d - 7). Let t(s) = s**3 + 7*s**2 + 9*s + 6. Give t(h).
-12
Let u(j) = j - 8. Let r be 13/((-1092)/(-350)) + (-10)/(-12). Determine u(r).
-3
Let n(o) = -98*o**3 - 34*o**2 + 25*o + 34. Let g(s) = -118*s**3 - 35*s**2 + 28*s + 33. Let u(q) = -5*g(q) + 6*n(q). Determine u(14).
-17
Let b(p) = -7*p + 4. Let l(h) = 58 - 17 - 15 - 23 - 9*h + 3*h. Let t(z) = 3*b(z) - 2*l(z). Give t(4).
-30
Let z(j) = -30 - 4*j**3 + j**2 - 10*j + 0 - 4*j - 2*j**3 + 7*j**3. Calculate z(-3).
-6
Let q = -183 - -192. Suppose 6*x + 3 = q*x. Let t(p) = -8*p**2. What is t(x)?
-8
Suppose 116*q - 119*q = -753. Let m(j) = 7 + 2 - j**2 - q*j + 258*j. Calculate m(7).
9
Let w(l) = -l**3 - 7*l**2 - 6*l + 7. Suppose 6*v + o = v - 44, -7 = v + 2*o. Let m be (-3)/v - (0 + 5/(-3)). Let g be (-924)/147 - m/(-7). Calculate w(g).
7
Let v = 1615 + -1590. Let c(p) = p**3 - 27*p**2 + 51*p - 20. Determine c(v).
5
Let a = -9526 - -57157/6. Let i(r) be the third derivative of -6*r**2 + 0 + 1/8*r**4 + 0*r + a*r**3. Determine i(3).
10
Let z(y) = -y**3 + 9*y**2 - 2*y + 6. Let n be (-4)/(-10) - (-6239)/(-85). Let x = 70 + n. Let j be 6*(-2)/x - -5. What is z(j)?
-12
Let q(h) = -21*h + 37. Suppose 33 = -4*b + 41. Let x be q(b). Let v(u) = 7*u. What is v(x)?
-35
Let s(t) = 9616 - 669*t**2 - 3*t + 671*t**2 - 9595. Calculate s(6).
75
Let l = -46 + 31. Let v be 2*(21/8)/(l/(-20)). Suppose v*r = 9 - 44. Let c(d) = 2*d + 2. Determine c(r).
-8
Let q(b) be the third derivative of -b**6/120 + b**5/6 - 13*b**4/24 + 13*b**3/2 + 712*b**2 + 1. Give q(9).
3
Let d(q) = -45*q + 307. Let b be d(7). Let i(s) = -s**2 - s + 8. What is i(b)?
-48
Let y(w) = -17*w**3 + 14*w**2 - 45*w + 61. Let q(b) = -4*b**3 + 4*b**2 - 11*b + 15. Let k(h) = 13*q(h) - 3*y(h). What is k(10)?
-68
Let b(f) be the second derivative of -f**4/12 - 7*f**3/2 - 59*f**2/2 + 2562*f + 2. Calculate b(-18).
-5
Let m be (-8)/(-14)*(-2352)/(-224). Let f(h) = -h - 3. Let t(a) = 1. Let r = -14 + 23. Let n(q) = r*t(q) + 2*f(q). Calculate n(m).
-9
Let w(g) = 1006 + 11*g - 580 + 11*g - 577. What is w(7)?
3
Let b(f) be the third derivative of f**5/60 + 5*f**4/24 + f**3/3 + f**2. Let l(m) = -671*m**2 + 4. Let i be l(1). Let p = i - -663. What is b(p)?
-2
Let v(n) = -66*n**3 - 30*n**2 - 4*n + 2. Let m(i) = -133*i**3 - 50*i**2 - 7*i + 4. Let k(x) = -3*m(x) + 5*v(x). Calculate k(1).
68
Let k be (48/108)/(4/18). Suppose -3*s = -0*p - k*p - 22, 0 = -4*s - 2*p + 20. Let i be ((-10)/s)/((-4)/(-12)). Let a(g) = -g**3 - 5*g**2 - 6. Give a(i).
-6
Let b be 4/8 - (-6)/4. Let u be 68 + (22/(-6) - 13/39). Let h(j) = 28 - j**3 + 35 + j**2 - u. Calculate h(b).
-5
Suppose g = 24 + 21. Let t = -18 + g. Let y = t + -23. Let s(z) = z - 5. Give s(y).
-1
Let j(t) = -3